
Let m(q) = -q**2 - 3*q + 25. Determine m(-4).
21
Let c(j) = -j**3 - 8*j**2 - 2*j - 5. Determine c(-6).
-65
Let q(x) = -x**3 + 4*x**2 - 2*x + 6. What is q(4)?
-2
Let p(x) = x**2 - 7*x + 5. Determine p(7).
5
Let g(w) = -140*w + 429. Determine g(3).
9
Let s(y) = y**3 - 45*y + 125. Give s(4).
9
Let y(g) = g**2 - 8*g - 7. What is y(8)?
-7
Let x(j) = 3*j**2 + 5*j - 9. Calculate x(-4).
19
Let y(l) = -3*l + 48. Determine y(14).
6
Let m(w) = -w**2 + 32*w - 248. Give m(11).
-17
Let q(g) = g**3 + 3*g**2 + 11*g - 8. Determine q(-3).
-41
Let o(r) = -r**3 - 6*r**2 - r + 20. Calculate o(-5).
0
Let r(i) = -5*i + 27. What is r(5)?
2
Let v(f) = f**2 - 5*f - 9. Calculate v(7).
5
Let x(o) = o**3 + 15*o**2 + 12*o - 18. Calculate x(-14).
10
Let a(w) = -w**2 - 11*w - 12. Calculate a(-11).
-12
Let z(t) = -2*t**3 - t**2 - t + 12. Give z(0).
12
Let n(a) = a**3 - 17*a**2 - 24*a + 123. Calculate n(18).
15
Let k(i) = -4*i + 17. What is k(4)?
1
Let j(w) = w**2 - 10*w + 18. Calculate j(2).
2
Let n(b) = 5*b**2 + 49*b - 12. Give n(-10).
-2
Let o(f) = -13*f + 17. Calculate o(4).
-35
Let b(m) = m**2 + 5*m - 3. Calculate b(4).
33
Let h(z) = -z**3 - 8*z**2 + 9*z + 9. Calculate h(-9).
9
Let n(a) = a**2 + 8*a - 8. What is n(-9)?
1
Let o(t) = -t - 14. What is o(7)?
-21
Let d(h) = h**2 + 12*h. Give d(-11).
-11
Let z(s) = 17*s + 138. What is z(-7)?
19
Let c(o) = -6*o - 77. Determine c(0).
-77
Let i(p) = -2*p**2 + 102*p - 163. What is i(49)?
33
Let g(f) = -f + 19. Give g(5).
14
Let f(j) = -j**3 + j**2 - j - 8. What is f(-3)?
31
Let q(f) = 18*f - 19. What is q(0)?
-19
Let w(n) = -n**2 + 2*n + 7. Give w(6).
-17
Let r(j) = 30*j - 1. Give r(-1).
-31
Let z(h) = -13*h**2 - h. Determine z(2).
-54
Let f(w) = -w - 8. What is f(-11)?
3
Let g(w) = -w**3 + 4*w**2 - w + 22. Calculate g(5).
-8
Let y(x) = x**3 + 4*x**2 - 2*x + 12. What is y(-5)?
-3
Let l(f) = 15*f - 16. Give l(-5).
-91
Let v(q) = 31*q - 28. Give v(6).
158
Let p(w) = -2*w**3 - 33*w**2 - 19*w + 9. Give p(-16).
57
Let n(y) = -y**2 - 3*y + 7. What is n(3)?
-11
Let u(h) = h**3 - 7*h**2 + 13. Calculate u(7).
13
Let m(g) = -g**2 - 14*g - 28. Determine m(-11).
5
Let x(o) = o**2 - 2*o - 22. Calculate x(-6).
26
Let k(r) = -r**2 + 22*r - 12. Determine k(22).
-12
Let i(f) = f**3 + 3*f**2 - f + 3. Calculate i(-2).
9
Let n(k) = 7*k - 6. Determine n(3).
15
Let w(c) = c**2 - 19*c + 24. Calculate w(17).
-10
Let f(p) = -63*p + 5. Determine f(-1).
68
Let g(r) = r**3 - r**2 - 4*r - 4. Determine g(-3).
-28
Let w(y) = 7*y**3 - 3*y**2 + 3. Give w(-2).
-65
Let c(a) = -a**2 + 9*a + 5. Calculate c(10).
-5
Let m(r) = -r**3 - 8*r**2 - 7*r + 9. Give m(-7).
9
Let b(k) = -20*k + 3. Give b(-1).
23
Let g(x) = x**2 + 16*x - 14. What is g(-11)?
-69
Let a(k) = -k - 9. Determine a(10).
-19
Let x(j) = -12*j - 15. Calculate x(-5).
45
Let h(p) = -p**3 - 5*p**2 - 5*p - 3. Calculate h(-4).
1
Let g(r) = r**3 + 4*r**2 - 2*r + 1. Give g(-4).
9
Let u(n) = 3*n - 133. Determine u(47).
8
Let c(y) = -14*y + 84. Determine c(7).
-14
Let a(j) = j**3 - 2*j**2 + 5*j - 12. Give a(5).
88
Let m(x) = -5*x - 16. Give m(-2).
-6
Let t(o) = -2*o - 4. Give t(-4).
4
Let g(u) = 26*u + 81. What is g(-3)?
3
Let h(r) = -11*r - 20. Calculate h(-10).
90
Let b(n) = n**2 + 17*n + 75. What is b(-10)?
5
Let q(l) = -l**3 + 8*l**2 - 6*l - 4. What is q(3)?
23
Let h(r) = -r**3 + 14*r**2 - 18*r - 17. What is h(13)?
-82
Let c(l) = l**3 + 3*l**2 + 2*l - 14. Determine c(-5).
-74
Let g(i) = -i**3 + 6*i**2 - 2*i + 1. Calculate g(6).
-11
Let h(q) = -4*q**2 + 13*q - 13. What is h(6)?
-79
Let z(o) = 6*o + 3. Calculate z(-6).
-33
Let v(r) = 170*r + 5. What is v(-1)?
-165
Let f(p) = -p**3 - 14*p**2 + 36*p + 72. Determine f(-16).
8
Let q(b) = -3*b + 90. Calculate q(32).
-6
Let j(a) = -4*a - 5. Determine j(3).
-17
Let u(a) = -2*a**3 - 18*a**2 - 17*a - 14. What is u(-8)?
-6
Let i(q) = 24*q**2 + q + 1. What is i(-1)?
24
Let k(g) = 3*g**3 - 7*g**2 + 6*g - 12. Determine k(4).
92
Let x(w) = -w**2 - 2*w + 4. Calculate x(-6).
-20
Let p(y) = 2*y**2 - 2*y - 2. Determine p(-1).
2
Let a(v) = v**2 + 2*v + 3. Give a(-6).
27
Let o(d) = -d**3 - 9*d**2 - 12*d - 8. Give o(-4).
-40
Let h(c) = -c**3 - 10*c**2 - 9*c + 10. Calculate h(-9).
10
Let v(k) = k**2 - 113*k + 442. Calculate v(4).
6
Let v(p) = -2*p + 21. Calculate v(13).
-5
Let b(q) = q**2 + 33*q + 161. Calculate b(-6).
-1
Let d(x) = -6*x - 43. Determine d(-4).
-19
Let n(s) = 8*s**2 - 2*s - 5. What is n(-3)?
73
Let h(p) = p**3 + 12*p**2 - 12*p + 14. Calculate h(-13).
1
Let s(j) = j**2 - 6*j - 3. Give s(5).
-8
Let h(n) = n**2 + 5*n - 8. Determine h(4).
28
Let w(h) = -h**2 - 7. Calculate w(4).
-23
Let p(h) = h**3 - 5*h**2 - 13*h + 8. Calculate p(6).
-34
Let f(w) = 5*w + 5. Give f(-3).
-10
Let y(k) = -k**2 - 35*k - 181. Give y(-29).
-7
Let a(d) = -61*d + 430. What is a(7)?
3
Let g(d) = d**2 + 8*d - 6. What is g(-8)?
-6
Let b(h) = -h**3 - 11*h**2 - 11*h + 7. Give b(-10).
17
Let i(t) = -t**2 - 16*t + 125. Determine i(-22).
-7
Let o(l) = -5*l**3 + 2*l**2 + l - 3. Give o(1).
-5
Let v(l) = -12*l - 2. What is v(-2)?
22
Let z(w) = 11*w + 42. Determine z(-2).
20
Let m(h) = 26*h + 3. Give m(-2).
-49
Let h(c) = -c**3 - 8*c**2 + c - 11. Calculate h(-8).
-19
Let h(i) = i**3 - 22*i**2 - 3. Give h(22).
-3
Let y(f) = -f**2 - 4*f - 14. What is y(5)?
-59
Let v(i) = -8*i**2 - 159*i + 21. Give v(-20).
1
Let f(t) = 2*t + 42. Determine f(-21).
0
Let q(h) = h**2 - 6*h - 8. Determine q(7).
-1
Let t(u) = -u**3 - 9*u**2 - 1. Give t(-9).
-1
Let g(m) = -2*m**2 + 48*m - 58. Calculate g(23).
-12
Let a(w) = 4*w + 6. Calculate a(-2).
-2
Let c(a) = -2*a**2 - 14*a - 4. Determine c(-7).
-4
Let s(j) = 4*j - 46. Give s(7).
-18
Let p(k) = -k**2 - 2*k + 7. Calculate p(-5).
-8
Let y(x) = 5*x - 11. Determine y(10).
39
Let n(v) = 20*v + 310. Determine n(-16).
-10
Let z(x) = x**3 - 7*x**2 - 13*x + 2. What is z(9)?
47
Let f(o) = 4*o - 14. Determine f(4).
2
Let p(l) = -l + 13. What is p(0)?
13
Let b(h) = 3*h - 5. What is b(-8)?
-29
Let i(c) = -2*c**3 + 2*c**2 - 2*c - 3. Give i(-2).
25
Let c(i) = i**2 + 4*i + 11. What is c(-8)?
43
Let s(z) = -z**2 + 10*z - 11. What is s(10)?
-11
Let c(f) = -f + 5. Determine c(-1).
6
Let c(b) = 3*b**2 + 20*b + 16. Calculate c(-6).
4
Let f(b) = b**3 + 4*b**2 - 2*b. Determine f(-4).
8
Let y(a) = 5*a**3 + 7*a**2 + 2*a + 6. Determine y(-4).
-210
Let s(n) = -2*n**2 - 23*n + 41. What is s(-14)?
-29
Let c(i) = -i**3 - 5*i**2 - 7*i - 2. Give c(-2).
0
Let p(d) = 5*d + 13. Give p(-3).
-2
Let p(h) = h**3 + 48*h**2 + 49*h + 93. Give p(-47).
-1
Let t(o) = -o**2 - 2*o + 24. Determine t(4).
0
Let h(d) = -d**3 + 9*d**2 - 12*d + 10. Give h(8).
-22
Let t(p) = 2*p**2 + 25*p + 2. Calculate t(-15).
77
Let q(k) = -k**2 + 13*k - 16. Determine q(17).
-84
Let w(o) = -2*o + 2. Give w(-5).
12
Let s(q) = q**3 + 2*q**2 - 5*q - 3. What is s(-3)?
3
Let q(a) = -a**2 + 16*a - 10. Determine q(15).
5
Let m(x) = 9*x**2 + 29*x + 3. Give m(-7).
241
Let g(q) = -11*q + 67. What is g(6)?
1
Let y(n) = n**2 + 2*n + 7. What is y(-5)?
22
Let n(p) = p**3 - 4*p**2 - 10*p - 8. Calculate n(6).
4
Let g(n) = n**2 + 4*n + 5. Give g(-3).
2
Let d(c) = -501*c - 997. What is d(-2)?
5
Let f(l) = -l**3 - 8*l**2 + 5*l - 3. What is f(-9)?
33
Let o(h) = -h**2 - 26*h + 143. Give o(-32).
-49
Let y(d) = -6*d - 51. Give y(-8).
-3
Let f(i) = i**3 - 12*i**2 - 25*i - 39. Calculate f(14).
3
Let m(f) = f**2 + 3*f - 4. Determine m(-8).
36
Let q(w) = -2*w + 4. Calculate q(5).
-6
Let u(t) = t**2 - 14*t + 46. What is u(8)?
-2
Let n(x) = x**3 - 5*x**2 - x - 6. Calculate n(6).
24
Let g(i) = i**3 - 9*i**2 + 8*i - 19. Give g(7).
-61
Let b(u) = u**3 - 4*u**2 - 2*u + 3. What is b(4)?
-5
Let j(i) = i**2 - 34*i + 285. Calculate j(17).
-4
Let d(r) = r**2 - 37*r - 350. Determine d(45).
10
Let s(x) = 2*x**2 + 37*x + 8. Calculate s(-18).
-10
Let y(q) = -q**3 - q**2 + 11*q - 14. Determine y(3).
-17
Let z(v) = -48*v**2 + 5*v + 2. Calculate z(-1).
-51
Let m(y) = 2*y**3 + 8*y**2 + 5*y - 8. Determine m(-5).
-83
Let j(v) = v + 18. Give j(-9).
9
Let s(r) = -r**3 - 28*r**2 + 60*r + 2. What is s(-30)?
2
Let f(k) = k**3 + 3*k**2 - 6*k. Calculate f(-4).
8
Let r(k) = k**2 - 2*k - 15. Give r(6).
9
Let m(s) = s**3 - 11*s**2 + 4*s - 32. Give m(11).
12
Let r(y) = y**2 + 12*y + 7. Give r(-8).
-25
Let m(u) = -u**2 - 7*u - 2. Determine m(-8).
-10
Let q(n) = n**2 + 121*n + 690. What is q(-6)?
0
Let 